 is n(o)?
-27
Let j be 3 - 2 - 2*-1. Let i(y) = y - j*y**2 - y**3 - 4 + y + 6*y**2. Let h = 233 + -230. Give i(h).
2
Let g(q) = 2*q**2 - 5. Let v be g(-4). Let a be 3/(-2 - v/(-12)). Let k(i) = i**3 - 6*i**2 - 4*i + i**2 + 8 + a*i - 2*i**3. Determine k(-6).
-4
Let r(q) = 4*q**3 + q + 8. Let z(h) = -3*h**3 - h**2 - 7. Let c = -17 + 15. Let p = -2 + c. Let u(y) = p*r(y) - 5*z(y). What is u(2)?
7
Let n(l) = l**2 - 5*l + 3. Let u(w) = -4*w**2 + 14*w. Let a be u(3). Calculate n(a).
9
Let t(o) = -o**2 - 10*o + 3. Suppose -34*x + 26*x - 56 = 0. What is t(x)?
24
Let r(u) = -59*u**2 + 22*u + 24. Let k(y) = -29*y**2 + 12*y + 13. Let l(p) = 11*k(p) - 6*r(p). Give l(-1).
34
Let y(u) be the first derivative of 0*u**2 - 5/3*u**3 - 7 - 1/120*u**5 + 0*u + 1/12*u**4. Let c(w) be the third derivative of y(w). What is c(3)?
-1
Let s(b) be the first derivative of 2 + b**2 - 4*b + 1/3*b**3. Let m = 16 + -13. Give s(m).
11
Let h(r) be the third derivative of r**6/120 + r**5/10 - r**4/3 + r**3/3 + r**2 + 21. Calculate h(-7).
9
Suppose -n - 1 = 3*a + 2, 0 = 4*a + 4*n + 12. Suppose 0*k = 2*k + 22. Let z(l) = -3*l - 3. Let g(s) = 8*s + 8. Let x(b) = k*z(b) - 4*g(b). What is x(a)?
1
Let d(w) = 7 + 1120*w**2 - 2*w - 1126*w**2 + 9*w - w**3. Let z = -18 + 11. Determine d(z).
7
Let h(a) = -a**2. Suppose 15 = 8*z - 3*z. Suppose -16 = -z*s - 7. Determine h(s).
-9
Let s(y) be the second derivative of -y**4/6 - 2*y**3/3 + 5*y**2/2 + 2*y. Let w(h) = -h**3 - 13*h**2 + 17*h + 9. Let n be w(-14). Let g = 29 + n. What is s(g)?
-11
Let l(y) = y + 1. Let o be 0/(-16) + (-27)/(-1). Let p = -30 + o. Determine l(p).
-2
Let z(o) = o - 6. Suppose 4*k - 5*j = 27, 3*k - 2*j - 25 + 3 = 0. Give z(k).
2
Let a = 138 + -38. Let g(o) = 100*o - a*o - 1 - 2 + o**2. Determine g(3).
6
Let p(q) = -181*q + 2 - 2*q**2 - 176*q + 366*q. What is p(4)?
6
Let c = 31459 - 31462. Let a(h) = 4*h**3 + 3*h**2 - 7*h - 3. Let q(v) = -v**3 + v. Let m(b) = a(b) + 3*q(b). Determine m(c).
9
Let k(a) be the second derivative of 6*a + 0 - 7/6*a**3 - a**2. What is k(-2)?
12
Let j(s) = -s**3 - 15*s**2 + 15*s - 11. Let p = -110 - -94. Let k be j(p). Let b(t) be the first derivative of t**3/3 - 2*t**2 + t - 1. Calculate b(k).
6
Let k(n) = n**3 + n + 1. Let u(q) = -4*q**3 - 3*q**2 - 3*q - 1. Let c(m) = -2*k(m) - u(m). Let y = -92 + 90. Determine c(y).
-7
Let s(m) = -m**2 + 8*m - 11. Let u(a) = a**2 + 6*a - 47. Let y be u(5). Determine s(y).
-11
Let l be (950/(-855))/((-2)/(-18)). Let d(k) = -5*k - 52. Determine d(l).
-2
Let o(t) = -2*t + 31. Let z(i) = 19*i - 558. Let m be z(30). Give o(m).
7
Let b(f) = -f**2 + 5*f - 4. Let x = 108 - 105. Suppose -2*t - x*z + 30 = z, -25 = -5*z. Give b(t).
-4
Let o(j) = j - 22. Suppose a - 48 = -2*a + 5*q, 0 = 3*a - 4*q - 45. Determine o(a).
-11
Let k(d) = 2*d**3 + d**2 + 17*d + 1. Let z(i) = -i**3 - 8*i - 1. Let w(s) = -6*k(s) - 13*z(s). Determine w(5).
-8
Suppose -r + 31*m - 36*m + 18 = 0, -30 = -5*r - 5*m. Let j(g) be the third derivative of 0 + 0*g + 1/8*g**4 - 2*g**2 + 0*g**r. What is j(-3)?
-9
Let g(y) = -y**3 - 6*y**2 + 2*y - 8. Suppose -12*w + 8 = -16*w. Let a(o) = o**3 - o**2 - 1. Let h(x) = w*a(x) - g(x). Give h(8).
-6
Let b(n) be the third derivative of 3/20*n**5 + 0 + 4*n**2 + 0*n + 1/6*n**3 + 1/24*n**4. What is b(-1)?
9
Let t(s) = 11*s**2 - 775*s**3 + 784*s**3 - 1 + 0*s + 0*s - 10*s**2. Let g be 2 - 1/((-1)/(-4)). Let z = g - -1. Calculate t(z).
-9
Let k(p) = -p**2 - p - 9. Suppose -y + 74 = 5*o - 65, -5*o = 2*y - 143. Let l = -27 + o. Give k(l).
-9
Let z be 28 + (-2)/2*1. Suppose -20*p = -35*p + 30. Suppose 0*h + p*i = h - 4, 3*i - z = -4*h. Let w(d) = -d - 2. What is w(h)?
-8
Let z = -1 + 5. Suppose 2*m + 2*g = 22, -2*m - 4*g = -z*m + 28. Let q = m - 14. Let j(x) = -2*x**2 - x - 1. Give j(q).
-7
Let o(c) be the first derivative of c**4/4 - 2*c**3 - c**2 + 2*c + 75. Calculate o(3).
-31
Let d(v) = -v**2 + 23*v - 65. Let m be d(20). Let j(q) = 5*q + 18. What is j(m)?
-7
Suppose 12 = 4*i - 16. Let j be i + -11 + (-6 - -2). Let n(a) = -a**2 - 6*a + 5. Give n(j).
-11
Let m(w) be the third derivative of -w**5/60 + w**4/12 + 5*w**3/6 - 34*w**2. Calculate m(6).
-19
Let a(p) = 5*p**2 - 14*p + 11. Let g(t) = -4*t**2 + 13*t - 12. Let q(r) = 3*a(r) + 4*g(r). Let b be q(6). Let v(s) = s**3 - 8*s**2 - 9*s. Determine v(b).
0
Suppose k = -g, 0 = -26*k + 22*k + 5*g + 36. Let a(w) = -w**2 + 3*w + 3. Determine a(k).
-1
Let u(w) = -71*w**3 + 1 + 143*w**3 + w**2 - 71*w**3. Let s(d) = d**3 + 8*d**2. Let m be s(-8). Give u(m).
1
Let o(t) = -t**2 - 10*t - 11. Suppose 31*l - 21*l = -90. Calculate o(l).
-2
Let u(b) = 6*b - 2. Let h(r) = -1 - r - 4*r + 4*r + 0*r. Let i(m) = -3*h(m) - u(m). Suppose -15 - 1 = -4*f. Determine i(f).
-7
Let k = 90 + -71. Suppose -2*a + 16 = 3*h, k = -0*a + 3*a + 2*h. Let x(g) = g**2 - 3*g - 6. Calculate x(a).
4
Let o(u) = -3*u - 25. Let z be o(-7). Let p(j) = -2*j + 2. Determine p(z).
10
Let q(x) = -x**3 + 2*x**2 - 6*x**2 - 2*x**2 - 7*x - 6. Suppose -4 = -427*o + 428*o. Calculate q(o).
-10
Let p(h) = 175 + 2*h - 2*h + 8*h - 177. Calculate p(-2).
-18
Let o = -421 + 427. Let v(s) = s - 5. Calculate v(o).
1
Suppose 0 = -2*z + 5*z. Suppose -c + 7 = -g - z*g, 2*g - 42 = -5*c. Let w(f) = f**2 - 9*f + 2. Give w(c).
-6
Let w be -1*(-1 - (1 + 1)). Let d(k) = -w*k**3 + 107 + 3*k**2 - 109 + 0*k**2 + k. Determine d(2).
-12
Let x(b) = -b**2 - 10*b + 6. Suppose 2*p = 7*p - 10. Suppose -j = 5*z + 52, -2*z + 0*j - 16 = p*j. Give x(z).
-5
Let p(b) = -b**3 + 4*b**2 + 3. Let r be p(4). Let h(i) = -2*i**2 + 4*i + 2 + 0*i**3 - i**r + 3*i**2 - i. What is h(-2)?
8
Let c(w) = 5*w + 196. Let g be c(-38). Let k(u) = u**3 - 7*u**2 + 7*u + 4. Give k(g).
10
Let c = 5 + -2. Suppose -6*t + c*t + 3 = 0. Let z(i) = -i + 1. Give z(t).
0
Let z(o) be the first derivative of o**3 - 15. Let j(l) = -15*l**2. Let p(k) = -5*j(k) - 24*z(k). Suppose 0 = -x + 2*x - 1. What is p(x)?
3
Let s be ((-3)/2)/((-39)/52). Suppose s*b - 26 = 4*k, 3 = -3*b + 2*b - 2*k. Let t(f) = f**3 - 5*f**2 + f - 3. What is t(b)?
2
Suppose 0 = -5*f + 3*h + 11 + 7, 3*f = 5*h + 14. Let w(c) = 6*c**3 - 3*c**2 + 6*c + 4. Let n(i) = -i**3 - i. Let x(s) = -5*n(s) - w(s). Calculate x(f).
-7
Suppose -4*s + 15 = o, 0 = 4*s - 0*o + 2*o - 14. Let f(n) = 6 + 3*n + s*n + 11*n - 17*n. Give f(5).
11
Let k = -9 - -15. Let y(j) = -4*j**3 + 9*j**2 + 3*j - 12. Let b(r) = -3*r - 4 - 8*r**2 + 0*r**3 + 15 + 3*r**3. Let d(h) = 3*b(h) + 2*y(h). Give d(k).
-9
Let b(a) = a**3 - 8*a**2 - a + 4. Let n = -21 + 31. Let t(z) = z - 2. Let v be t(n). Let s be b(v). Let i(j) = -j**3 - 6*j**2 - 6*j - 2. Determine i(s).
-10
Let h(g) be the third derivative of -g**6/120 + g**5/20 + g**4/12 + 2*g**3/3 + 2*g**2. Suppose o + 5 + 10 = 0. Let r = o - -19. What is h(r)?
-4
Suppose -3*s - 8 + 3 = -4*j, 2*s = -5*j - 34. Let f(q) = q**3 + 6*q**2 - 7*q - 3. Determine f(s).
-3
Let o(h) = -29*h**3 - 34*h**2 + 8*h - 20. Let v(x) = -11*x**3 - 11*x**2 + 3*x - 7. Let q(u) = -3*o(u) + 8*v(u). Determine q(14).
4
Let i(o) = -o**3 + 5*o**2 - 6*o + 2. Suppose 5*b + 0*f + 30 = 4*f, 0 = -4*f. Let l be ((-15)/(-45))/((-2)/12) - b. What is i(l)?
-6
Let l(v) = 11*v**2 + 2*v - 1. Suppose 0 = -28*z + 26*z + 2. Calculate l(z).
12
Let a(x) = -x**2 + 6*x - 1. Let w = 6 + -1. Suppose 38 = -w*g - 42. Let f = g - -20. Give a(f).
7
Let a = -2034 - -2016. Let j(k) = -2*k - 35. Give j(a).
1
Let b(v) = 1. Let h(n) = -n**3 - 8*n**2 - 8*n - 1. Let l(f) = 3*b(f) + h(f). Calculate l(-7).
9
Suppose 2*s = -5*s + 7. Let z(r) = -r**3 + 11*r**2 + 9*r - 8. Let l(n) = -n**2. Let j(p) = s*z(p) + 6*l(p). Let h = 11 + -5. Determine j(h).
10
Suppose -7*x - 45 = -5*u - 4*x, -4*x - 40 = -5*u. Let b(m) = m**3 - 14*m**2 + 23*m + 13. Give b(u).
1
Let b = 169 - 165. Let f(v) = 3 + v + 0*v + v**2 - 5*v. What is f(b)?
3
Let f be (-115)/23 + -2 + 2 + 6. Let r(n) = -12*n + 1. Calculate r(f).
-11
Suppose 4*a - 2*b = 2*b + 80, 0 = 2*b + 6. Let n(y) = -12 + a + 4*y - 7. Determine n(5).
18
Suppose 39 = 2*j + 7. Suppose 0 = -5*d - 3*k - 84 - j, 2*k = 5*d + 75. Let z(i) = -5*i + 4. Let r(f) = 14*f - 11. Let w(s) = d*z(s) - 6*r(s). What is w(3)?
1
Let h = -71 - -111. Suppose -64 = -4*u - h. Let i(q) = q**3 - 7*q**2 + 8*q - 7. What is i(u)?
5
Let p(z) = z + 4. Let k be p(-4). Let w(v) be the second derivative of 0 + v**2 + 8*v + 1/6*v**3. Calcula